+ -45 - (1292 + -1292)?
-44
Evaluate 2 - (18 - (42 + -42)).
-16
Evaluate (355 - 371) + (41 - -2).
27
What is the value of -31 - (-94 + 167 - -16)?
-120
What is -3 + 2 + 25 + -14 + 12 - -10?
32
Evaluate -8 + 26 + (-16 - (-18 - (38 - 22))).
36
Calculate (0 - 85) + (-84 - -107) + -21.
-83
124 - (170 - (19 - 30))
-57
Evaluate (2910 - 2902) + (-1 + 31 - 2).
36
What is the value of -391 + 395 - (-8 + 11 - -2)?
-1
20 + (-158 - -88 - 22)
-72
What is -7 - ((-33 - -67 - 33) + (25 - (4 - 2)))?
-31
What is 82 + -139 + 54 + 87?
84
19 - (-16 + 117 + (25 - 60))
-47
Evaluate -14 + (89 - 43) - (134 - 0).
-102
-7 + 18 + (12 - 18) + -52
-47
What is the value of (0 + 4 - 15) + (-355 - -344)?
-22
What is the value of -14 - (31 + (-11 - (24 + -26)))?
-36
Calculate 10 - (40 + (-21 - (-17 + 2))).
-24
What is the value of -110 - (-91 - (70 - -31))?
82
-25 + (-32 - (-127 + (26 - 44)))
88
Evaluate (27 - (194 + -81)) + 158.
72
What is the value of (-50 - -8) + 36 - -44?
38
Calculate (-30 - -19) + 90 - 40.
39
(-2 - 47) + 18 + 17
-14
What is the value of (255 - 112) + -135 + 1 + 25 + 0?
34
What is the value of -61 + (-8 - -4 - -18) + 84 + -93?
-56
Calculate (37 + -31 - -15) + 3 + 11.
35
283 + -252 + -11 + 0 + 53
73
What is the value of (126 - 95) + -189 - -156?
-2
What is the value of -78 - -3 - -219 - 55?
89
What is 17 - 2 - (240 + -135 - 142)?
52
What is the value of 10 + 3 + (-42 - -57) + -78?
-50
18 + 1 + (-41 - -24 - -32)
34
Evaluate 10 + -14 + (-16 + (2 - -3) - -28).
13
15 + -87 + 14 + -5 + (7 - 11)
-67
Evaluate 216 + -322 + 19 - (1 + -17).
-71
What is the value of 168 + -3 - (3 + -90 - -127)?
125
Calculate 4 - 41 - (-3264 - -3328).
-101
Evaluate -230 + 168 + 0 + 124.
62
(253 - 268 - (1 + -3 + -12)) + -21
-22
What is the value of 33 + -155 - -129 - (14 + -1)?
-6
(-647 - -655) + 1 + 6 + -4 + -4 - -72
79
Calculate (9 - 1) + (378 - 457) + -5 + (-9 - -16).
-69
-2 + (16 - (0 - 3 - (-19 - (-16 + 0))))
14
(-39 - -17) + 25 + -61
-58
What is 32 - (-199 + 235 + -19 + 3)?
12
Calculate -51 + (-3 - -3) + (70 - (103 - 50)).
-34
Calculate 26 + (3 - (107 - (5 - -4))).
-69
130 - (-130 - (-409 + 135))
-14
Evaluate -8 - -1 - ((-36 - (1 - -10)) + 5 + -11).
46
What is 23 + (40 - 51) + 2 + -3?
11
(3 + -17 - -34) + -15
5
Calculate 18 + -10 - ((-11 - -22 - 9) + (74 - 4)).
-64
What is -195 - -47 - -43 - (-39 + -1)?
-65
Calculate -121 + -84 + 170 + -8.
-43
Calculate -5 + -5 - -16 - (22 - (6 + -4)).
-14
What is 9 + (-6 - -44) + -3?
44
Evaluate -4 - 3 - (-5 + 2) - (51 + 7 - 68).
6
8 + 14 + -18 + (15 - (4 - 4))
19
2 + -79 + -2 - (37 - (69 + 15 + -57))
-89
0 + -16 + -53 + (-15 - -34)
-50
Evaluate (-74 - -64) + 46 + 0 + (0 - -1 - 7).
30
-29 + (-41 - (-27 + 1))
-44
Calculate (-35 - -35) + 20 + -50.
-30
What is (20 - 7) + 67 + -48?
32
What is 10 + 20 - (1 - (-12 - -44))?
61
64 + (27 - (7 + 9 + -2))
77
(-19 - (-15 + (-13 - -13)) - -1) + -55
-58
1 - 1 - (28 - 5 - (50 + -36))
-9
(11 + -27 - 0) + 5 + 10 + -9 + 112
102
Evaluate (-34 - 1) + (-74 + -104 - -215).
2
Calculate -22 - (1513 + -1628 + (1 - 15)).
107
What is -72 + (2 + 21 - 9) - (-2 + -2 - -16)?
-70
34 + -20 - 21 - (-58 + 6 + -14 + 7)
52
What is the value of -2 - 62 - ((9 + -30 - (-29 + 28)) + 6)?
-50
What is the value of -20 + (27 - (94 - 116) - (-11 + -2))?
42
-32 - (-67 + 84 + (-8 - 26))
-15
-60 + (-4 - (-22 - -14) - -18)
-38
What is the value of (-20 + 2 + 32 - (7 - -2)) + 0 + 7?
12
What is the value of 91 - -5 - (-37 + -44 + 83)?
94
(-94 - -74 - -48) + -35
-7
What is 183 + -178 + -6 + 7 + -5?
1
-24 + 19 + 4 - (4 + 1 - (-4 + 6))
-4
Evaluate 12 + -14 - (-67 - -57 - -50).
-42
What is -89 + 29 + 26 - (72 + -3)?
-103
Calculate -58 + -62 + 115 + (-40 - 1).
-46
What is -84 + 4 + -2 + -175 + 179 + 14?
-64
(-186 + 200 - -41) + 1 + -7
49
16 + (-9 - 2 - (88 + -100)) + -3
14
What is -9 + -2 + (22 - 13) + (4 - -1) + -10?
-7
What is the value of -28 + 2 + -12 + 637 + -574?
25
Calculate -14 + -1 + 183 + -125.
43
Calculate -1 + (-8 + 7 + 22 - (9 + 1)) + 28.
38
-12 + 8 + -15 - 14
-33
Evaluate 8 + (-1 + 20 + 4 - -8) + -11 + 22.
50
Evaluate -6 - -6 - (7 - 0 - (20 + (-12 - 5))).
-4
What is 11 + -19 + (1 - 7) + (4 - 11)?
-21
Calculate (22 - 4 - (4 - (4 + -8))) + 9.
19
What is the value of 12 - ((32 - 73) + 90)?
-37
-14 + ((53 - 98) + 38 - (-5 + 86 - -5))
-107
What is the value of (39 - -11) + -69 + 28 + 0 + -85?
-76
-9 + 14 + 0 - (-8 - ((-11 - -6) + 0))
8
Calculate (-15 + 4 - -48 - 8) + 14 + -6.
37
What is -908 + 891 + (3 - 1) + -1 + 3?
-13
What is 1 + 1 + (-1344 - -1371)?
29
What is the value of -12 - ((9 - 0) + -2 - -10 - 2 - 6)?
-21
What is (-8 - 48) + (-26 + (17 - 6) + -1 - -8)?
-64
(-12 - (15 + -77)) + -180
-130
Calculate -123 - (4 + -145 + 70).
-52
What is (-7 - (-19 + 5)) + (-11 - 1) - 36?
-41
Evaluate 0 + -221 - (10026 - 10133).
-114
Calculate (1 - 6) + (-16 + 18 - (-9 + -7 - -7)).
6
Evaluate -45 - (3 - (-3 + (3 - (6 - 2) - 2))).
-54
Evaluate -16 - (0 + 102 - (19 + (63 - 76))).
-112
What is 54 + (79 - (31 - -50))?
52
What is the value of -84 - 0 - (-11 - (-12 + 18))?
-67
Evaluate 94 - (134 - 73) - (4 + -1 + -2 + 10).
22
What is -9 + -100 - -18 - (2 + -22 + 11 - -18)?
-100
(-25 - (0 + 11 + 5 - 28)) + 16
3
Evaluate -5 - ((7 - -6) + -29 + 0) - 116.
-105
-40 + (44 - -21 - 36)
-11
Evaluate (429 - 472) + (8 - 4).
-39
What is 207 - (110 - (-72 - -78))?
103
Calculate 1 + -93 - (-51 + (-22 + 0 - -68)).
-87
Calculate 2 - -1 - 14 - 0 - (284 + -284) - 11.
-22
-23 + -1 + -68 + 59
-33
Evaluate 1 + 61 - (-3 + -8 - -15 - (2 - -13)).
73
What is the value of -7 - 80 - ((-85 - -145) + -43)?
-104
What is 112 + -17 - 102 - (37 + -2 + 1 + 0)?
-43
What is the value of -2 + 8 - 16 - (-136 - -101)?
25
208 + -279 + 13 + 57
-1
What is the value of -1 - -2 - -53 - ((16 - 27) + -8 - -23)?
50
What is the value of 68 + (-17 - -23) + 2 + -3 + -2 + -4?
67
Evaluate -1 + -1 + (-4 - -4) + (-4121 - -4123).
0
Evaluate (405 - 361) + -90 + -4 + (0 - -13).
-37
Calculate (179 - (183 - -20)) + (2 - 44).
-66
What is -11 - 0 - (-48 - ((18 - 1) + -7))?
47
Calculate (-4 - -44 - (-3 + 8 - -2)) + 2 + -9.
26
What is the value of 42 - (-1 + 0) - (-105 - -269 - 166)?
45
What is -80 - -54 - -99 - (3 - (11 + (-3 - -2)))?
80
88 + (-164 - -30) + 58
12
What is the value of -5806 + 5820 + (1 - -17)?
32
Evaluate 23 + 5 + -1 + (-18 - -8) + -7.
10
Evaluate 9 - (-21 + -30 + -53 - (-13 + 0)).
100
(2 - 10 - (-15 + -4)) + 0 - (2 - -60)
-51
-18 - 4 - ((-25 - -21) + (6 - -6))
-30
Evaluate 0 + (-1 - -5) + -7 + (10 - 16 - -12).
3
What is the value of -24 + 22 + 120 - (-162 - -138)?
142
What is (-176 - -131) + 135 + 3?
93
What is the value of -3003 + 3093 + (-4 - (-3 - (0 - 2)))?
87
Evaluate 21 + -90 + 71 + -30.
-28
Evaluate (-10 - -47) + 12 - (-15 + 15 - -7).
42
What is the value of -13 + (-15 - -11 - -15 - -17)?
15
-1 + 15 - (-80 + -95 + 157)
32
Calculate (-39 + 18 + 49 - 43) + 81.
66
What is -104 + 62 - (-15 + -17)?
-10
What is the value of 22 - (-30 + -11 + 25 + -20)?
58
What is (-6 - -7 - -28) + -49 + -56?
-76
Calculate -20 + (-38 - -2) + 0.
-56
What is the value of -1 + -29 - (1529 + -1554)?
-5
(65 - 124 - -57) + 6
4
(-10 - 5) + (36 - 28) + -12
-19
(-4 + (0 - 2) - (8 - (26 + -9))) + -48
-45
-91 + 83 + 38 + -1 - (-32 + 36)
25
Evaluate (2114 - 2057) + (54 - 2).
109
What is -7 + (-3 + -8 - (-13 + -1)) + (75 - 1)?
70
What is 122 + -127 + 2 + 9 + -3 + -7?
-4
1 - -54 - (-1 + 21 - (99 + -90) - 15)
59
-3 - -15 - (-2 - (3 - (16 - 34)))
35
Evaluate (-1 + (16 - 29) - -4) + -38.
-48
Evaluate 8249 - 8297 - (-70 + -1).
23
What is 10 + (-5 - 0 - -16) + -71 - 5?
-55
Evaluate -18 + 87 + 114 + -163.
20
Evaluate 9 - -10 - 19 - (-14 - -23) - -7.
-2
What is the value of -32 - -4 - (24 + -35)?
-17
What is (-52 - (87 + -193)) + 24?
78
What is (4 - 2) + -3 + 54 + -17 - (-19 + 8)?
47
What is (-27 - -9) + 33 - -7 - -4?
26
Calculate 1 + -2 + -28 - (501 + -484).
-46
What is (-47 - (8 + -63)) + -42?
-34
Evaluate -43 - (-194 + (-1 - -64)).
88
8 + -7 + -15 + (4 - 3) - (-23 + 16)
-6
What is the value of (20 - -12 - 45) + -1 + -23 - 6?
-43
-50 - (49 + 41 + -83 - (-1 + 1))
-57
What is the value of 124 - (143 + (23 - 35))?
-7
What is -31 - ((-1 - 14) + (-131 - -127)) - (0 + -10)?
-2
6 - (-4 - -43 - (0 + (-15 - -5 - -10)))
-33
43 + (-104 - (-40 + -11))
-10
Evaluate -3 + 5 - (-1 + 1 + 2) - (9928 - 9988).
60
Calculate -2 + 4 + -12 - ((-1 - -5) + -3)